{"id":437,"date":"2016-10-27T09:03:15","date_gmt":"2016-10-27T09:03:15","guid":{"rendered":"https:\/\/4congressolmc.wordpress.com\/?page_id=437"},"modified":"2025-09-16T13:08:53","modified_gmt":"2025-09-16T13:08:53","slug":"congresso-2025-2","status":"publish","type":"page","link":"https:\/\/gilm.pt\/congressolmc\/congresso-2025-2\/","title":{"rendered":"Chamada de comunica\u00e7\u00f5es"},"content":{"rendered":"\t\t<div data-elementor-type=\"wp-page\" data-elementor-id=\"437\" class=\"elementor elementor-437\" data-elementor-post-type=\"page\">\n\t\t\t\t\t\t<section class=\"elementor-section elementor-top-section elementor-element elementor-element-2827fa6 elementor-section-boxed elementor-section-height-default elementor-section-height-default\" data-id=\"2827fa6\" data-element_type=\"section\" data-e-type=\"section\">\n\t\t\t\t\t\t<div class=\"elementor-container elementor-column-gap-default\">\n\t\t\t\t\t<div class=\"elementor-column elementor-col-100 elementor-top-column elementor-element elementor-element-f89bf89\" data-id=\"f89bf89\" data-element_type=\"column\" data-e-type=\"column\">\n\t\t\t<div class=\"elementor-widget-wrap elementor-element-populated\">\n\t\t\t\t\t\t<section class=\"elementor-section elementor-inner-section elementor-element elementor-element-7184369 elementor-section-boxed elementor-section-height-default elementor-section-height-default\" data-id=\"7184369\" data-element_type=\"section\" data-e-type=\"section\">\n\t\t\t\t\t\t<div class=\"elementor-container elementor-column-gap-default\">\n\t\t\t\t\t<div class=\"elementor-column elementor-col-100 elementor-inner-column elementor-element elementor-element-bf8f0ca\" data-id=\"bf8f0ca\" data-element_type=\"column\" data-e-type=\"column\">\n\t\t\t<div class=\"elementor-widget-wrap elementor-element-populated\">\n\t\t\t\t\t\t<div class=\"elementor-element elementor-element-a3de0cd elementor-widget elementor-widget-heading\" data-id=\"a3de0cd\" data-element_type=\"widget\" data-e-type=\"widget\" data-widget_type=\"heading.default\">\n\t\t\t\t<div class=\"elementor-widget-container\">\n\t\t\t\t\t<h4 class=\"elementor-heading-title elementor-size-default\">Convite \u00e0 apresenta\u00e7\u00e3o de propostas<\/h4>\t\t\t\t<\/div>\n\t\t\t\t<\/div>\n\t\t\t\t<div class=\"elementor-element elementor-element-2446a54 elementor-widget elementor-widget-heading\" data-id=\"2446a54\" data-element_type=\"widget\" data-e-type=\"widget\" data-widget_type=\"heading.default\">\n\t\t\t\t<div class=\"elementor-widget-container\">\n\t\t\t\t\t<h6 class=\"elementor-heading-title elementor-size-default\">Alargamento de prazo: at\u00e9 29 de setembro de 2025<\/h6>\t\t\t\t<\/div>\n\t\t\t\t<\/div>\n\t\t\t\t<div class=\"elementor-element elementor-element-2aee082 elementor-widget elementor-widget-text-editor\" data-id=\"2aee082\" data-element_type=\"widget\" data-e-type=\"widget\" data-widget_type=\"text-editor.default\">\n\t\t\t\t<div class=\"elementor-widget-container\">\n\t\t\t\t\t\t\t\t\t<p><span style=\"font-weight: 400;\">A organiza\u00e7\u00e3o do congresso faz o convite a investigadores, educadores e professores, organiza\u00e7\u00f5es n\u00e3o-governamentais, especialistas e profissionais da comunica\u00e7\u00e3o para apresentarem as suas propostas de comunica\u00e7\u00e3o ou de poster, sejam elas estudos, comunica\u00e7\u00f5es ou projetos que possam enquadrar-se num dos seguintes eixos tem\u00e1ticos:\u200b<\/span><\/p>\t\t\t\t\t\t\t\t<\/div>\n\t\t\t\t<\/div>\n\t\t\t\t<div class=\"elementor-element elementor-element-efd204b elementor-widget elementor-widget-text-editor\" data-id=\"efd204b\" data-element_type=\"widget\" data-e-type=\"widget\" data-widget_type=\"text-editor.default\">\n\t\t\t\t<div class=\"elementor-widget-container\">\n\t\t\t\t\t\t\t\t\t<h3><b>1. Comportamentos<\/b><\/h3><ul><li style=\"font-weight: 400;\" aria-level=\"1\"><span style=\"font-weight: 400;\">Transforma\u00e7\u00f5es nos comportamentos informativos em ecossistemas digitais<\/span><span style=\"font-weight: 400;\"><br \/><br \/><\/span><\/li><li style=\"font-weight: 400;\" aria-level=\"1\"><span style=\"font-weight: 400;\">Depend\u00eancia tecnol\u00f3gica, aten\u00e7\u00e3o e pr\u00e1ticas de consumo medi\u00e1tico<\/span><span style=\"font-weight: 400;\"><br \/><br \/><\/span><\/li><li style=\"font-weight: 400;\" aria-level=\"1\"><span style=\"font-weight: 400;\">Algoritmos, bolhas informativas e refor\u00e7o de convic\u00e7\u00f5es <\/span><span style=\"font-weight: 400;\"><br \/><br \/><\/span><\/li><li style=\"font-weight: 400;\" aria-level=\"1\"><span style=\"font-weight: 400;\">Literacia digital e medi\u00e1tica em contextos educativos formais e informais<\/span><span style=\"font-weight: 400;\"><br \/><br \/><\/span><\/li><li style=\"font-weight: 400;\" aria-level=\"1\"><span style=\"font-weight: 400;\">Pr\u00e1ticas de media\u00e7\u00e3o parental e pedag\u00f3gica no uso de media por crian\u00e7as e jovens<\/span><span style=\"font-weight: 400;\"><br \/><br \/><\/span><\/li><li style=\"font-weight: 400;\" aria-level=\"1\"><span style=\"font-weight: 400;\">Participa\u00e7\u00e3o c\u00edvica e ativismo digital: novas formas de envolvimento social<\/span><span style=\"font-weight: 400;\"><br \/><br \/><\/span><\/li><li style=\"font-weight: 400;\" aria-level=\"1\"><span style=\"font-weight: 400;\">Bem-estar digital, sa\u00fade mental e rela\u00e7\u00f5es mediadas por ecr\u00e3s<\/span><span style=\"font-weight: 400;\"><br \/><br \/><\/span><\/li><li style=\"font-weight: 400;\" aria-level=\"1\"><span style=\"font-weight: 400;\">Intelig\u00eancia artificial generativa e os seus impactos nos h\u00e1bitos de comunica\u00e7\u00e3o<\/span><span style=\"font-weight: 400;\"><br \/><br \/><\/span><\/li><\/ul><h3><b>2. Narrativas<\/b><\/h3><ul><li style=\"font-weight: 400;\" aria-level=\"1\"><span style=\"font-weight: 400;\">(Re)configura\u00e7\u00e3o das narrativas medi\u00e1ticas: entre jornalismo, entretenimento e propaganda<\/span><span style=\"font-weight: 400;\"><br \/><br \/><\/span><\/li><li style=\"font-weight: 400;\" aria-level=\"1\"><span style=\"font-weight: 400;\">Narrativas desinformativas, teorias da conspira\u00e7\u00e3o e manipula\u00e7\u00e3o simb\u00f3lica<\/span><span style=\"font-weight: 400;\"><br \/><br \/><\/span><\/li><li style=\"font-weight: 400;\" aria-level=\"1\"><span style=\"font-weight: 400;\">Novos formatos e linguagens: storytelling digital, memes, v\u00eddeos curtos, podcasts<\/span><span style=\"font-weight: 400;\"><br \/><br \/><\/span><\/li><li style=\"font-weight: 400;\" aria-level=\"1\"><span style=\"font-weight: 400;\">Comunica\u00e7\u00e3o pol\u00edtica e narrativas de polariza\u00e7\u00e3o nas redes sociais<\/span><span style=\"font-weight: 400;\"><br \/><br \/><\/span><\/li><li style=\"font-weight: 400;\" aria-level=\"1\"><span style=\"font-weight: 400;\">Desafios \u00e0 credibilidade e \u00e0 confian\u00e7a nos media<\/span><span style=\"font-weight: 400;\"><br \/><br \/><\/span><\/li><li style=\"font-weight: 400;\" aria-level=\"1\"><span style=\"font-weight: 400;\">Papel do discurso jornal\u00edtico na constru\u00e7\u00e3o da democracia\u00a0 em sociedades fragmentadas<\/span><span style=\"font-weight: 400;\"><br \/><br \/><\/span><\/li><li style=\"font-weight: 400;\" aria-level=\"1\"><span style=\"font-weight: 400;\">Representa\u00e7\u00f5es de g\u00e9nero, etnia, classe e outras identidades nos media<\/span><span style=\"font-weight: 400;\"><br \/><br \/><\/span><\/li><li style=\"font-weight: 400;\" aria-level=\"1\"><span style=\"font-weight: 400;\">Educa\u00e7\u00e3o para a an\u00e1lise cr\u00edtica de narrativas medi\u00e1ticas e ideologias<\/span><span style=\"font-weight: 400;\"><br \/><br \/><\/span><\/li><\/ul><h3><b>3. Direitos Humanos<\/b><\/h3><ul><li style=\"font-weight: 400;\" aria-level=\"1\"><span style=\"font-weight: 400;\">Literacia medi\u00e1tica como direito e ferramenta de capacita\u00e7\u00e3o democr\u00e1tica<\/span><span style=\"font-weight: 400;\"><br \/><br \/><\/span><\/li><li style=\"font-weight: 400;\" aria-level=\"1\"><span style=\"font-weight: 400;\">Media e direitos digitais: privacidade, prote\u00e7\u00e3o de dados e liberdade de express\u00e3o<\/span><span style=\"font-weight: 400;\"><br \/><br \/><\/span><\/li><li style=\"font-weight: 400;\" aria-level=\"1\"><span style=\"font-weight: 400;\">Desinforma\u00e7\u00e3o e discurso de \u00f3dio: amea\u00e7as \u00e0 dignidade humana e \u00e0 coes\u00e3o social<\/span><span style=\"font-weight: 400;\"><br \/><br \/><\/span><\/li><li style=\"font-weight: 400;\" aria-level=\"1\"><span style=\"font-weight: 400;\">Inclus\u00e3o digital e acesso equitativo \u00e0 informa\u00e7\u00e3o<\/span><span style=\"font-weight: 400;\"><br \/><br \/><\/span><\/li><li style=\"font-weight: 400;\" aria-level=\"1\"><span style=\"font-weight: 400;\">Papel dos media na promo\u00e7\u00e3o da paz, da justi\u00e7a e da sustentabilidade<\/span><span style=\"font-weight: 400;\"><br \/><br \/><\/span><\/li><li style=\"font-weight: 400;\" aria-level=\"1\"><span style=\"font-weight: 400;\">Regula\u00e7\u00e3o e pol\u00edticas p\u00fablicas em defesa dos direitos informativos e comunicacionais<\/span><span style=\"font-weight: 400;\"><br \/><br \/><\/span><\/li><li style=\"font-weight: 400;\" aria-level=\"1\"><span style=\"font-weight: 400;\">Media comunit\u00e1rios, cidad\u00e3os e o direito \u00e0 comunica\u00e7\u00e3o<\/span><span style=\"font-weight: 400;\"><br \/><br \/><\/span><\/li><\/ul><p><span style=\"font-weight: 400;\">Literacia medi\u00e1tica e informacional como instrumento de defesa dos direitos das crian\u00e7as e jovens<\/span><span style=\"font-weight: 400;\"><br \/><\/span><\/p><p>\u00a0<\/p>\t\t\t\t\t\t\t\t<\/div>\n\t\t\t\t<\/div>\n\t\t\t\t<div class=\"elementor-element elementor-element-40d7ad0 elementor-widget elementor-widget-text-editor\" data-id=\"40d7ad0\" data-element_type=\"widget\" data-e-type=\"widget\" data-widget_type=\"text-editor.default\">\n\t\t\t\t<div class=\"elementor-widget-container\">\n\t\t\t\t\t\t\t\t\t<p><span style=\"font-weight: 400;\">Os tr\u00eas eixos estruturantes \u2014 <strong>Comportamentos, Narrativas e Direitos Humanos<\/strong> \u2014 s\u00e3o a base para uma reflex\u00e3o cr\u00edtica, multidisciplinar e urgente sobre os desafios contempor\u00e2neos da comunica\u00e7\u00e3o, da cidadania e da literacia medi\u00e1tica em contextos de crescente polariza\u00e7\u00e3o e transforma\u00e7\u00e3o digital.<\/span><\/p>\t\t\t\t\t\t\t\t<\/div>\n\t\t\t\t<\/div>\n\t\t\t\t<div class=\"elementor-element elementor-element-22357d1 elementor-widget elementor-widget-text-editor\" data-id=\"22357d1\" data-element_type=\"widget\" data-e-type=\"widget\" data-widget_type=\"text-editor.default\">\n\t\t\t\t<div class=\"elementor-widget-container\">\n\t\t\t\t\t\t\t\t\t<p><span style=\"font-weight: 400;\">As propostas de comunica\u00e7\u00e3o dever\u00e3o obedecer aos seguintes requisitos:<\/span><\/p><ul><li style=\"font-weight: 400;\" aria-level=\"1\"><span style=\"font-weight: 400;\">Ter entre <\/span><b>300 e 350 palavras<\/b><span style=\"font-weight: 400;\"> de extens\u00e3o;<\/span><\/li><li style=\"font-weight: 400;\" aria-level=\"1\"><span style=\"font-weight: 400;\">Incluir um <\/span><b>t\u00edtulo<\/b><span style=\"font-weight: 400;\"> (m\u00e1ximo de 120 caracteres, incluindo espa\u00e7os), o <\/span><b>nome e filia\u00e7\u00e3o institucional<\/b><span style=\"font-weight: 400;\"> do(s) autor(es), bem como at\u00e9 <\/span><b>quatro palavras-chave<\/b><span style=\"font-weight: 400;\">;<\/span><\/li><li style=\"font-weight: 400;\" aria-level=\"1\"><span style=\"font-weight: 400;\">Apresentar de forma clara os <\/span><b>objetivos<\/b><span style=\"font-weight: 400;\">, o <\/span><b>enquadramento te\u00f3rico<\/b><span style=\"font-weight: 400;\">, a <\/span><b>fundamenta\u00e7\u00e3o<\/b><span style=\"font-weight: 400;\">, a <\/span><b>metodologia<\/b><span style=\"font-weight: 400;\"> e outros elementos considerados pertinentes \u00e0 proposta;<\/span><\/li><li style=\"font-weight: 400;\" aria-level=\"1\"><span style=\"font-weight: 400;\">Caso incluam <\/span><b>refer\u00eancias bibliogr\u00e1ficas<\/b><span style=\"font-weight: 400;\">, estas devem ser devidamente identificadas, preferencialmente segundo as <\/span><b>normas APA7<\/b> (as refer\u00eancias n\u00e3o contam para o limite de palavras da proposta)<span style=\"font-weight: 400;\">;<\/span><\/li><li style=\"font-weight: 400;\" aria-level=\"1\"><span style=\"font-weight: 400;\">Ser submetidas atrav\u00e9s do <\/span><b>formul\u00e1rio dispon\u00edvel online<\/b><span style=\"font-weight: 400;\"> at\u00e9 ao dia <strong>29<\/strong><\/span><b> de setembro de 2025 <\/b>(novo prazo)<span style=\"font-weight: 400;\">.<\/span><\/li><\/ul><p><strong>Notas importantes:<\/strong><\/p><p>\u2013 Cada participante s\u00f3 poder\u00e1 apresentar comunica\u00e7\u00e3o se estiver inscrito no congresso;<\/p><p>\u2013 Cada participante s\u00f3 poder\u00e1 apresentar uma comunica\u00e7\u00e3o como primeiro autor e uma segunda proposta como segundo ou terceiro autor;<\/p><p>\u2013 As comunica\u00e7\u00f5es s\u00e3o apresentadas presencialmente. Contudo, existe a possibilidade de comunica\u00e7\u00f5es <em>online<\/em> s\u00edncronas para um n\u00famero limitado de participantes (implica inscri\u00e7\u00e3o no Congresso).<\/p><p>\u2013 N\u00e3o ser\u00e3o publicadas no Livro de Atas as comunica\u00e7\u00f5es (apresenta\u00e7\u00f5es orais ou <em>posters<\/em>) que n\u00e3o forem apresentadas pelo respetivo autor ou co-autor no Congresso;<\/p><p>\u2013 A Comiss\u00e3o Organizadora n\u00e3o aceita que as comunica\u00e7\u00f5es orais ou <em>posters<\/em> sejam apresentados por terceiros.<\/p><p>__________<\/p><p><b>CALEND\u00c1RIO<\/b><\/p><p><strong>Chamada de Trabalhos &#8211; Apresenta\u00e7\u00e3o de propostas (novo prazo):<\/strong>\u00a0<span style=\"background-color: var( --e-global-color-5bc699f );\">At\u00e9 29 de setembro de 2025<\/span><\/p><p><strong>Comunica\u00e7\u00e3o da decis\u00e3o de aceita\u00e7\u00e3o de propostas: <\/strong>30 de outubro de 2025<\/p><p><strong>Fim do per\u00edodo normal de inscri\u00e7\u00e3o no congresso<\/strong>: 9 de novembro de 2025<\/p><p><strong>Apresenta\u00e7\u00e3o de textos finais para publica\u00e7\u00e3o em livro:<\/strong> <span style=\"font-weight: 400;\">31 de dezembro de 2025<\/span><\/p>\t\t\t\t\t\t\t\t<\/div>\n\t\t\t\t<\/div>\n\t\t\t\t<div class=\"elementor-element elementor-element-bf4bbfd elementor-widget-divider--view-line elementor-widget elementor-widget-divider\" data-id=\"bf4bbfd\" data-element_type=\"widget\" data-e-type=\"widget\" data-widget_type=\"divider.default\">\n\t\t\t\t<div class=\"elementor-widget-container\">\n\t\t\t\t\t\t\t<div class=\"elementor-divider\">\n\t\t\t<span class=\"elementor-divider-separator\">\n\t\t\t\t\t\t<\/span>\n\t\t<\/div>\n\t\t\t\t\t\t<\/div>\n\t\t\t\t<\/div>\n\t\t\t\t<div class=\"elementor-element elementor-element-0bf194d elementor-widget elementor-widget-spacer\" data-id=\"0bf194d\" data-element_type=\"widget\" data-e-type=\"widget\" data-widget_type=\"spacer.default\">\n\t\t\t\t<div class=\"elementor-widget-container\">\n\t\t\t\t\t\t\t<div class=\"elementor-spacer\">\n\t\t\t<div class=\"elementor-spacer-inner\"><\/div>\n\t\t<\/div>\n\t\t\t\t\t\t<\/div>\n\t\t\t\t<\/div>\n\t\t\t\t<div class=\"elementor-element elementor-element-21b3fb0 elementor-widget elementor-widget-text-editor\" data-id=\"21b3fb0\" data-element_type=\"widget\" data-e-type=\"widget\" data-widget_type=\"text-editor.default\">\n\t\t\t\t<div class=\"elementor-widget-container\">\n\t\t\t\t\t\t\t\t\t<p><strong>E-mail<\/strong><b> de contacto para d\u00favidas e esclarecimentos: <\/b>comunicacoes.lmc@gilm.pt<\/p>\t\t\t\t\t\t\t\t<\/div>\n\t\t\t\t<\/div>\n\t\t\t\t<div class=\"elementor-element elementor-element-037f4e9 elementor-widget-divider--view-line elementor-widget elementor-widget-divider\" data-id=\"037f4e9\" data-element_type=\"widget\" data-e-type=\"widget\" data-widget_type=\"divider.default\">\n\t\t\t\t<div class=\"elementor-widget-container\">\n\t\t\t\t\t\t\t<div class=\"elementor-divider\">\n\t\t\t<span class=\"elementor-divider-separator\">\n\t\t\t\t\t\t<\/span>\n\t\t<\/div>\n\t\t\t\t\t\t<\/div>\n\t\t\t\t<\/div>\n\t\t\t\t<div class=\"elementor-element elementor-element-abeab30 elementor-align-left elementor-widget elementor-widget-button\" data-id=\"abeab30\" data-element_type=\"widget\" data-e-type=\"widget\" data-widget_type=\"button.default\">\n\t\t\t\t<div class=\"elementor-widget-container\">\n\t\t\t\t\t\t\t\t\t<div class=\"elementor-button-wrapper\">\n\t\t\t\t\t<a class=\"elementor-button elementor-button-link elementor-size-lg\" href=\"https:\/\/docs.google.com\/forms\/d\/e\/1FAIpQLScWrurZ8_-LouYihvDvnJ07PFLaAv14fz2-tw3ioIqhh9jfaA\/viewform\" target=\"_blank\" rel=\"noopener\">\n\t\t\t\t\t\t<span class=\"elementor-button-content-wrapper\">\n\t\t\t\t\t\t\t\t\t<span class=\"elementor-button-text\">Submeter Proposta<\/span>\n\t\t\t\t\t<\/span>\n\t\t\t\t\t<\/a>\n\t\t\t\t<\/div>\n\t\t\t\t\t\t\t\t<\/div>\n\t\t\t\t<\/div>\n\t\t\t\t\t<\/div>\n\t\t<\/div>\n\t\t\t\t\t<\/div>\n\t\t<\/section>\n\t\t\t\t\t<\/div>\n\t\t<\/div>\n\t\t\t\t\t<\/div>\n\t\t<\/section>\n\t\t\t\t<\/div>\n\t\t","protected":false},"excerpt":{"rendered":"<p>Convite \u00e0 apresenta\u00e7\u00e3o de propostas Alargamento de prazo: at\u00e9 29 de setembro de 2025 A organiza\u00e7\u00e3o do congresso faz o convite a investigadores, educadores e professores, organiza\u00e7\u00f5es n\u00e3o-governamentais, especialistas e profissionais da comunica\u00e7\u00e3o para apresentarem as suas propostas de comunica\u00e7\u00e3o ou de poster, sejam elas estudos, comunica\u00e7\u00f5es ou projetos que possam enquadrar-se num dos seguintes [&hellip;]<\/p>\n","protected":false},"author":1,"featured_media":0,"parent":0,"menu_order":0,"comment_status":"closed","ping_status":"closed","template":"","meta":{"footnotes":""},"class_list":["post-437","page","type-page","status-publish","hentry"],"_links":{"self":[{"href":"https:\/\/gilm.pt\/congressolmc\/wp-json\/wp\/v2\/pages\/437","targetHints":{"allow":["GET"]}}],"collection":[{"href":"https:\/\/gilm.pt\/congressolmc\/wp-json\/wp\/v2\/pages"}],"about":[{"href":"https:\/\/gilm.pt\/congressolmc\/wp-json\/wp\/v2\/types\/page"}],"author":[{"embeddable":true,"href":"https:\/\/gilm.pt\/congressolmc\/wp-json\/wp\/v2\/users\/1"}],"replies":[{"embeddable":true,"href":"https:\/\/gilm.pt\/congressolmc\/wp-json\/wp\/v2\/comments?post=437"}],"version-history":[{"count":5,"href":"https:\/\/gilm.pt\/congressolmc\/wp-json\/wp\/v2\/pages\/437\/revisions"}],"predecessor-version":[{"id":7777,"href":"https:\/\/gilm.pt\/congressolmc\/wp-json\/wp\/v2\/pages\/437\/revisions\/7777"}],"wp:attachment":[{"href":"https:\/\/gilm.pt\/congressolmc\/wp-json\/wp\/v2\/media?parent=437"}],"curies":[{"name":"wp","href":"https:\/\/api.w.org\/{rel}","templated":true}]}}