{"id":6602,"date":"2023-04-10T19:47:37","date_gmt":"2023-04-10T19:47:37","guid":{"rendered":"https:\/\/gilm.pt\/congressolmc\/?page_id=6602"},"modified":"2025-12-10T19:19:28","modified_gmt":"2025-12-10T19:19:28","slug":"sala-de-imprensa","status":"publish","type":"page","link":"https:\/\/gilm.pt\/congressolmc\/sala-de-imprensa\/","title":{"rendered":"Sala de Imprensa"},"content":{"rendered":"\t\t<div data-elementor-type=\"wp-page\" data-elementor-id=\"6602\" class=\"elementor elementor-6602\" data-elementor-post-type=\"page\">\n\t\t\t\t<div class=\"elementor-element elementor-element-4115397 e-flex e-con-boxed e-con e-parent\" data-id=\"4115397\" data-element_type=\"container\" data-e-type=\"container\">\n\t\t\t\t\t<div class=\"e-con-inner\">\n\t\t\t\t<div class=\"elementor-element elementor-element-c1dff53 elementor-widget elementor-widget-heading\" data-id=\"c1dff53\" data-element_type=\"widget\" data-e-type=\"widget\" data-widget_type=\"heading.default\">\n\t\t\t\t<div class=\"elementor-widget-container\">\n\t\t\t\t\t<h4 class=\"elementor-heading-title elementor-size-default\">O VII Congresso nos media<\/h4>\t\t\t\t<\/div>\n\t\t\t\t<\/div>\n\t\t\t\t<div class=\"elementor-element elementor-element-afde35d elementor-widget elementor-widget-text-editor\" data-id=\"afde35d\" data-element_type=\"widget\" data-e-type=\"widget\" data-widget_type=\"text-editor.default\">\n\t\t\t\t<div class=\"elementor-widget-container\">\n\t\t\t\t\t\t\t\t\t<blockquote><p><a href=\"https:\/\/sicnoticias.pt\/pais\/2025-11-29-congresso-debate-literacia-mediatica-como-arma-contra-a-desinformacao-e-perda-de-confianca-nos-media-06bec2d0\" target=\"_blank\" rel=\"noopener\"><strong>\u201cCongresso debate literacia medi\u00e1tica como arma contra a desinforma\u00e7\u00e3o e perda de confian\u00e7a nos media&#8221;<\/strong><\/a><\/p><\/blockquote><p><em>SIC Not\u00edcias<\/em>, 29\/11\/25<\/p><blockquote><p><a href=\"https:\/\/sicnoticias.pt\/pais\/2025-11-29-congresso-debate-literacia-mediatica-como-arma-contra-a-desinformacao-e-perda-de-confianca-nos-media-06bec2d0\" target=\"_blank\" rel=\"noopener\"><strong>\u201c<\/strong><\/a><a href=\"https:\/\/www.diariocoimbra.pt\/2025\/11\/28\/literacia-mediatica-so-funciona-se-for-aplicada-em-contexto-de-proximidade\/\" target=\"_blank\" rel=\"noopener\"><strong>Literacia medi\u00e1tica s\u00f3 funciona se for aplicada em contexto de proximidade&#8221;<\/strong><\/a><\/p><\/blockquote><p><em>Di\u00e1rio de Coimbra<\/em>, 28\/11\/25<\/p><blockquote><p><strong><a href=\"https:\/\/sicnoticias.pt\/pais\/2025-11-29-congresso-debate-literacia-mediatica-como-arma-contra-a-desinformacao-e-perda-de-confianca-nos-media-06bec2d0\" target=\"_blank\" rel=\"noopener\">\u201c<\/a><a href=\"https:\/\/acabra.pt\/2025\/11\/vii-congresso-de-literacia-media-e-cidadania-acontece-em-coimbra-pela-primeira-vez\/\" target=\"_blank\" rel=\"noopener\">VII Congresso de Literacia, Media e Cidadania acontece em Coimbra pela primeira vez&#8221;<\/a><\/strong><\/p><\/blockquote><p><em>A Cabra<\/em>, 28\/11\/25<\/p><blockquote><p><a href=\"https:\/\/sicnoticias.pt\/pais\/2025-11-29-congresso-debate-literacia-mediatica-como-arma-contra-a-desinformacao-e-perda-de-confianca-nos-media-06bec2d0\" target=\"_blank\" rel=\"noopener\"><strong>\u201c<\/strong><\/a><a href=\"https:\/\/www.noticiasaominuto.com\/pais\/2896531\/portugal-tem-rede-informal-para-identificar-acoes-de-desinformacao\" target=\"_blank\" rel=\"noopener\"><strong>Portugal tem rede informal para identificar a\u00e7\u00f5es de desinforma\u00e7\u00e3o&#8221;<\/strong><\/a><\/p><\/blockquote><p><em>Not\u00edcias ao Minuto<\/em>, 28\/11\/25<\/p><blockquote><p><a href=\"https:\/\/sicnoticias.pt\/pais\/2025-11-29-congresso-debate-literacia-mediatica-como-arma-contra-a-desinformacao-e-perda-de-confianca-nos-media-06bec2d0\" target=\"_blank\" rel=\"noopener\"><strong>\u201c<\/strong><\/a><a href=\"https:\/\/www.publico.pt\/publico-na-escola\/artigo\/literacia-mediatica-congresso-debate-comportamentos-narrativas-direitos-humanos-2156234\" target=\"_blank\" rel=\"noopener\"><strong>Literacia Medi\u00e1tica. Congresso debate comportamentos, narrativas e direitos humanos&#8221;<\/strong><\/a><\/p><\/blockquote><p><em>P\u00fablico<\/em>, 27\/11\/25<\/p><blockquote><p><strong><a href=\"https:\/\/sicnoticias.pt\/pais\/2025-11-29-congresso-debate-literacia-mediatica-como-arma-contra-a-desinformacao-e-perda-de-confianca-nos-media-06bec2d0\" target=\"_blank\" rel=\"noopener\">\u201c<\/a><a href=\"https:\/\/www.lusa.pt\/article\/2025-11-27\/46107286\/literacia-medi%C3%A1tica-s%C3%B3-funciona-em-proximidade-%C3%A0s-pessoas-especialista\" target=\"_blank\" rel=\"noopener\">Literacia medi\u00e1tica s\u00f3 funciona em proximidade \u00e0s pessoas &#8211; Especialista&#8221;<\/a><\/strong><\/p><\/blockquote><p><em>Lusa<\/em>, 27\/11\/25<\/p><blockquote><p><a href=\"https:\/\/sicnoticias.pt\/pais\/2025-11-29-congresso-debate-literacia-mediatica-como-arma-contra-a-desinformacao-e-perda-de-confianca-nos-media-06bec2d0\" target=\"_blank\" rel=\"noopener\"><strong>\u201c<\/strong><\/a><a href=\"https:\/\/comunidadeculturaearte.com\/congresso-debate-impacto-das-redes-sociais-nos-comportamentos-narrativas-e-direitos-humanos\/\" target=\"_blank\" rel=\"noopener\"><strong>Congresso debate impacto das redes sociais nos comportamentos, narrativas e direitos humanos&#8221;<\/strong><\/a><\/p><\/blockquote><p><em>Comunidade Cultura e Arte<\/em>, 15\/11\/25<\/p><blockquote><p><strong><a href=\"https:\/\/sicnoticias.pt\/pais\/2025-11-29-congresso-debate-literacia-mediatica-como-arma-contra-a-desinformacao-e-perda-de-confianca-nos-media-06bec2d0\" target=\"_blank\" rel=\"noopener\">\u201c<\/a><a href=\"https:\/\/ocidadao.pt\/congresso-em-coimbra-debate-impacto-das-redes-sociais-no-comportamento-humano\/\" target=\"_blank\" rel=\"noopener\">Congresso em Coimbra debate impacto das redes sociais no comportamento humano&#8221;<\/a><\/strong><\/p><\/blockquote><p><em>O Cidad\u00e3o<\/em>, 14\/11\/25<\/p><blockquote><p><strong><a href=\"https:\/\/sicnoticias.pt\/pais\/2025-11-29-congresso-debate-literacia-mediatica-como-arma-contra-a-desinformacao-e-perda-de-confianca-nos-media-06bec2d0\" target=\"_blank\" rel=\"noopener\">\u201c<\/a><a href=\"https:\/\/www.asbeiras.pt\/congresso-debate-impacto-das-redes-sociais-nos-comportamentos-narrativas-e-direitos-humanos\/\" target=\"_blank\" rel=\"noopener\">Congresso debate impacto das redes sociais nos comportamentos, narrativas e direitos humanos&#8221;<\/a><\/strong><\/p><\/blockquote><p><em>Di\u00e1rio As Beiras<\/em>, 14\/11\/25<\/p><blockquote><p><a href=\"https:\/\/sicnoticias.pt\/pais\/2025-11-29-congresso-debate-literacia-mediatica-como-arma-contra-a-desinformacao-e-perda-de-confianca-nos-media-06bec2d0\" target=\"_blank\" rel=\"noopener\"><strong>\u201c<\/strong><\/a><a href=\"https:\/\/www.publico.pt\/publico-na-escola\/artigo\/congresso-literacia-media-cidadania-coimbra-final-mes-2153723\" target=\"_blank\" rel=\"noopener\"><strong>Congresso Literacia, Media e Cidadania em Coimbra no final do m\u00eas&#8221;<\/strong><\/a><\/p><\/blockquote><p><em>P\u00fablico na Escola<\/em>, 7\/11\/25<\/p>\t\t\t\t\t\t\t\t<\/div>\n\t\t\t\t<\/div>\n\t\t\t\t\t<\/div>\n\t\t\t\t<\/div>\n\t\t\t\t<section class=\"elementor-section elementor-top-section elementor-element elementor-element-5d582e1 elementor-section-boxed elementor-section-height-default elementor-section-height-default\" data-id=\"5d582e1\" data-element_type=\"section\" data-e-type=\"section\">\n\t\t\t\t\t\t<div class=\"elementor-container elementor-column-gap-default\">\n\t\t\t\t\t<div class=\"elementor-column elementor-col-100 elementor-top-column elementor-element elementor-element-2416320\" data-id=\"2416320\" data-element_type=\"column\" data-e-type=\"column\">\n\t\t\t<div class=\"elementor-widget-wrap elementor-element-populated\">\n\t\t\t\t\t\t<div class=\"elementor-element elementor-element-13e99c4 elementor-widget-divider--view-line elementor-widget elementor-widget-divider\" data-id=\"13e99c4\" data-element_type=\"widget\" data-e-type=\"widget\" data-widget_type=\"divider.default\">\n\t\t\t\t<div class=\"elementor-widget-container\">\n\t\t\t\t\t\t\t<div class=\"elementor-divider\">\n\t\t\t<span class=\"elementor-divider-separator\">\n\t\t\t\t\t\t<\/span>\n\t\t<\/div>\n\t\t\t\t\t\t<\/div>\n\t\t\t\t<\/div>\n\t\t\t\t\t<\/div>\n\t\t<\/div>\n\t\t\t\t\t<\/div>\n\t\t<\/section>\n\t\t\t\t<section class=\"elementor-section elementor-top-section elementor-element elementor-element-5b283b59 elementor-section-boxed elementor-section-height-default elementor-section-height-default\" data-id=\"5b283b59\" data-element_type=\"section\" data-e-type=\"section\">\n\t\t\t\t\t\t<div class=\"elementor-container elementor-column-gap-default\">\n\t\t\t\t\t<div class=\"elementor-column elementor-col-100 elementor-top-column elementor-element elementor-element-640cfbf5\" data-id=\"640cfbf5\" data-element_type=\"column\" data-e-type=\"column\">\n\t\t\t<div class=\"elementor-widget-wrap elementor-element-populated\">\n\t\t\t\t\t\t<div class=\"elementor-element elementor-element-02db888 elementor-widget elementor-widget-heading\" data-id=\"02db888\" data-element_type=\"widget\" data-e-type=\"widget\" data-widget_type=\"heading.default\">\n\t\t\t\t<div class=\"elementor-widget-container\">\n\t\t\t\t\t<h4 class=\"elementor-heading-title elementor-size-default\">Recorde o VI Congresso<\/h4>\t\t\t\t<\/div>\n\t\t\t\t<\/div>\n\t\t\t\t<div class=\"elementor-element elementor-element-3bbf5215 elementor-widget elementor-widget-text-editor\" data-id=\"3bbf5215\" data-element_type=\"widget\" data-e-type=\"widget\" data-widget_type=\"text-editor.default\">\n\t\t\t\t<div class=\"elementor-widget-container\">\n\t\t\t\t\t\t\t\t\t<figure class=\"wp-block-image size-large\">O<a href=\"https:\/\/congressolmc7.wixsite.com\/2023\/blog\" target=\"_blank\" rel=\"noopener\"> Jornal ESCS<\/a> disponibiliza a cobertura informativa do VI Congresso Literacia, Media e Cidadania. Revisite o que se passou em 2023!&nbsp;<\/figure>\n<figure class=\"wp-block-image size-large\"><a href=\"https:\/\/congressolmc7.wixsite.com\/2023\/blog\" target=\"_blank\" rel=\"noopener\"><img fetchpriority=\"high\" decoding=\"async\" width=\"1024\" height=\"564\" class=\"wp-image-6991\" src=\"https:\/\/gilm.pt\/congressolmc\/wp-content\/uploads\/2023\/04\/VICONGRESSOLMC_JORNALESCOLAR-1024x564.jpeg\" alt=\"\" srcset=\"https:\/\/gilm.pt\/congressolmc\/wp-content\/uploads\/2023\/04\/VICONGRESSOLMC_JORNALESCOLAR-1024x564.jpeg 1024w, https:\/\/gilm.pt\/congressolmc\/wp-content\/uploads\/2023\/04\/VICONGRESSOLMC_JORNALESCOLAR-300x165.jpeg 300w, https:\/\/gilm.pt\/congressolmc\/wp-content\/uploads\/2023\/04\/VICONGRESSOLMC_JORNALESCOLAR-768x423.jpeg 768w, https:\/\/gilm.pt\/congressolmc\/wp-content\/uploads\/2023\/04\/VICONGRESSOLMC_JORNALESCOLAR-1536x846.jpeg 1536w, https:\/\/gilm.pt\/congressolmc\/wp-content\/uploads\/2023\/04\/VICONGRESSOLMC_JORNALESCOLAR.jpeg 1724w\" sizes=\"(max-width: 1024px) 100vw, 1024px\" \/><\/a><\/figure>\t\t\t\t\t\t\t\t<\/div>\n\t\t\t\t<\/div>\n\t\t\t\t\t<\/div>\n\t\t<\/div>\n\t\t\t\t\t<\/div>\n\t\t<\/section>\n\t\t<div class=\"elementor-element elementor-element-7c47d09 e-flex e-con-boxed e-con e-parent\" data-id=\"7c47d09\" data-element_type=\"container\" data-e-type=\"container\">\n\t\t\t\t\t<div class=\"e-con-inner\">\n\t\t\t\t\t<\/div>\n\t\t\t\t<\/div>\n\t\t\t\t<\/div>\n\t\t","protected":false},"excerpt":{"rendered":"<p>O VII Congresso nos media \u201cCongresso debate literacia medi\u00e1tica como arma contra a desinforma\u00e7\u00e3o e perda de confian\u00e7a nos media&#8221; SIC Not\u00edcias, 29\/11\/25 \u201cLiteracia medi\u00e1tica s\u00f3 funciona se for aplicada em contexto de proximidade&#8221; Di\u00e1rio de Coimbra, 28\/11\/25 \u201cVII Congresso de Literacia, Media e Cidadania acontece em Coimbra pela primeira vez&#8221; A Cabra, 28\/11\/25 \u201cPortugal [&hellip;]<\/p>\n","protected":false},"author":2,"featured_media":0,"parent":0,"menu_order":0,"comment_status":"closed","ping_status":"closed","template":"","meta":{"footnotes":""},"class_list":["post-6602","page","type-page","status-publish","hentry"],"_links":{"self":[{"href":"https:\/\/gilm.pt\/congressolmc\/wp-json\/wp\/v2\/pages\/6602","targetHints":{"allow":["GET"]}}],"collection":[{"href":"https:\/\/gilm.pt\/congressolmc\/wp-json\/wp\/v2\/pages"}],"about":[{"href":"https:\/\/gilm.pt\/congressolmc\/wp-json\/wp\/v2\/types\/page"}],"author":[{"embeddable":true,"href":"https:\/\/gilm.pt\/congressolmc\/wp-json\/wp\/v2\/users\/2"}],"replies":[{"embeddable":true,"href":"https:\/\/gilm.pt\/congressolmc\/wp-json\/wp\/v2\/comments?post=6602"}],"version-history":[{"count":5,"href":"https:\/\/gilm.pt\/congressolmc\/wp-json\/wp\/v2\/pages\/6602\/revisions"}],"predecessor-version":[{"id":9038,"href":"https:\/\/gilm.pt\/congressolmc\/wp-json\/wp\/v2\/pages\/6602\/revisions\/9038"}],"wp:attachment":[{"href":"https:\/\/gilm.pt\/congressolmc\/wp-json\/wp\/v2\/media?parent=6602"}],"curies":[{"name":"wp","href":"https:\/\/api.w.org\/{rel}","templated":true}]}}