{"id":863,"date":"2017-01-25T12:15:45","date_gmt":"2017-01-25T12:15:45","guid":{"rendered":"http:\/\/www.congressolmc.pt\/?page_id=863"},"modified":"2025-11-17T18:13:15","modified_gmt":"2025-11-17T18:13:15","slug":"restaurantes-e-hoteis","status":"publish","type":"page","link":"https:\/\/gilm.pt\/congressolmc\/restaurantes-e-hoteis\/","title":{"rendered":"Restaurantes e hot\u00e9is"},"content":{"rendered":"\t\t<div data-elementor-type=\"wp-page\" data-elementor-id=\"863\" class=\"elementor elementor-863\" data-elementor-post-type=\"page\">\n\t\t\t\t<div class=\"elementor-element elementor-element-729d8bf8 e-flex e-con-boxed e-con e-parent\" data-id=\"729d8bf8\" data-element_type=\"container\" data-e-type=\"container\">\n\t\t\t\t\t<div class=\"e-con-inner\">\n\t\t\t\t<div class=\"elementor-element elementor-element-590a590 elementor-widget__width-initial elementor-widget elementor-widget-text-editor\" data-id=\"590a590\" data-element_type=\"widget\" data-e-type=\"widget\" data-widget_type=\"text-editor.default\">\n\t\t\t\t<div class=\"elementor-widget-container\">\n\t\t\t\t\t\t\t\t\t<p>Recomenda\u00e7\u00f5es para estadia e refei\u00e7\u00f5es na cidade de Coimbra, incluindo indica\u00e7\u00e3o de descontos para participantes no Congresso.<\/p>\t\t\t\t\t\t\t\t<\/div>\n\t\t\t\t<\/div>\n\t\t\t\t<div class=\"elementor-element elementor-element-f0dc735 elementor-widget__width-initial elementor-widget elementor-widget-text-editor\" data-id=\"f0dc735\" data-element_type=\"widget\" data-e-type=\"widget\" data-widget_type=\"text-editor.default\">\n\t\t\t\t<div class=\"elementor-widget-container\">\n\t\t\t\t\t\t\t\t\t<h5><strong>Hot\u00e9is com descontos para congressistas<\/strong><\/h5>\t\t\t\t\t\t\t\t<\/div>\n\t\t\t\t<\/div>\n\t\t\t\t<div class=\"elementor-element elementor-element-8b728f5 elementor-widget__width-initial elementor-widget elementor-widget-text-editor\" data-id=\"8b728f5\" data-element_type=\"widget\" data-e-type=\"widget\" data-widget_type=\"text-editor.default\">\n\t\t\t\t<div class=\"elementor-widget-container\">\n\t\t\t\t\t\t\t\t\t<h6><strong>Hotel Bot\u00e2nico<\/strong><\/h6><p><img decoding=\"async\" class=\"alignnone wp-image-7836\" src=\"https:\/\/gilm.pt\/congressolmc\/wp-content\/uploads\/2025\/09\/hotel-botanico-coimbra_logo-300x149.jpg\" alt=\"\" width=\"141\" height=\"70\" srcset=\"https:\/\/gilm.pt\/congressolmc\/wp-content\/uploads\/2025\/09\/hotel-botanico-coimbra_logo-300x149.jpg 300w, https:\/\/gilm.pt\/congressolmc\/wp-content\/uploads\/2025\/09\/hotel-botanico-coimbra_logo-768x381.jpg 768w, https:\/\/gilm.pt\/congressolmc\/wp-content\/uploads\/2025\/09\/hotel-botanico-coimbra_logo.jpg 836w\" sizes=\"(max-width: 141px) 100vw, 141px\" \/><\/p><p><span data-sheets-root=\"1\"><a href=\"https:\/\/hotelbotanicocoimbra.pt\" target=\"_blank\" rel=\"noopener\">https:\/\/hotelbotanicocoimbra.pt<\/a><br \/>Bairro de S. Jos\u00e9, 15, 3030-207 Coimbra<br \/><\/span><span data-sheets-root=\"1\">239 714 824<br \/>geral@hotelbotanicocoimbra.pt<br \/><\/span><em>Desconto: 10%<\/em><\/p><p>\u00a0<\/p><h6><strong>Riversuites<\/strong><\/h6><p><img decoding=\"async\" class=\"alignnone wp-image-7837\" src=\"https:\/\/gilm.pt\/congressolmc\/wp-content\/uploads\/2025\/09\/Logotipo-fundo-Riversuites-300x194.jpg\" alt=\"\" width=\"93\" height=\"60\" srcset=\"https:\/\/gilm.pt\/congressolmc\/wp-content\/uploads\/2025\/09\/Logotipo-fundo-Riversuites-300x194.jpg 300w, https:\/\/gilm.pt\/congressolmc\/wp-content\/uploads\/2025\/09\/Logotipo-fundo-Riversuites-1024x662.jpg 1024w, https:\/\/gilm.pt\/congressolmc\/wp-content\/uploads\/2025\/09\/Logotipo-fundo-Riversuites-768x497.jpg 768w, https:\/\/gilm.pt\/congressolmc\/wp-content\/uploads\/2025\/09\/Logotipo-fundo-Riversuites.jpg 1280w\" sizes=\"(max-width: 93px) 100vw, 93px\" \/><\/p><p><a href=\"https:\/\/www.riversuites.pt\/\" target=\"_blank\" rel=\"noopener\">https:\/\/www.riversuites.pt\/<\/a><br \/>Av. Jo\u00e3o das Regras, 82, Coimbra<br \/><span data-sheets-root=\"1\">239 440 582<\/span><br \/>geral@riversuites.pt<br \/><em>Tarifa reduzida (solicitar informa\u00e7\u00e3o no momento da reserva)<\/em><\/p><p>\u00a0<\/p><h6><strong>Coimbra Monumentais B&amp;B<\/strong><\/h6><p><img decoding=\"async\" class=\"size-medium wp-image-7838 alignnone\" src=\"https:\/\/gilm.pt\/congressolmc\/wp-content\/uploads\/2025\/09\/Logotipo-monumental-300x50.jpg\" alt=\"\" width=\"300\" height=\"50\" srcset=\"https:\/\/gilm.pt\/congressolmc\/wp-content\/uploads\/2025\/09\/Logotipo-monumental-300x50.jpg 300w, https:\/\/gilm.pt\/congressolmc\/wp-content\/uploads\/2025\/09\/Logotipo-monumental.jpg 600w\" sizes=\"(max-width: 300px) 100vw, 300px\" \/><br \/><span data-sheets-root=\"1\"><a href=\"https:\/\/www.coimbramonumentais.com\/pt\" target=\"_blank\" rel=\"noopener\"><span style=\"text-decoration: underline;\">https:\/\/www.coimbramonumentais.com\/pt<\/span><\/a><br \/>Bairro Sousa Pinto, 7A, Coimbra <\/span><br \/><span data-sheets-root=\"1\">915 787 591<br \/>coimbramonumentais@gmail.com<br \/><\/span><em>Desconto: 20%<\/em><\/p><p>\u00a0<\/p><h6><span data-sheets-root=\"1\"><strong>Hotel Ibis Coimbra Centro<\/strong><\/span><\/h6><p><span data-sheets-root=\"1\"><a href=\"https:\/\/all.accor.com\/hotel\/1672\/index.pt.shtml\" target=\"_blank\" rel=\"noopener\">https:\/\/all.accor.com\/hotel\/1672\/index.pt.shtml<\/a><br \/>Edif\u00edcio Top\u00e1zio &#8211; Av. Em\u00eddio Navarro, 70, 3000-150 Coimbra<br \/>239 852 130<br \/>h1672@accor.com<br \/><em>Desconto: 10%<\/em><br \/><\/span><\/p><p>\u00a0<\/p><h6><strong>Hotel Ast\u00f3ria<br \/><\/strong><\/h6><p><img loading=\"lazy\" decoding=\"async\" class=\"alignnone size-medium wp-image-7839\" src=\"https:\/\/gilm.pt\/congressolmc\/wp-content\/uploads\/2025\/09\/AstoriaLOGOTIPO-300x60.png\" alt=\"\" width=\"300\" height=\"60\" srcset=\"https:\/\/gilm.pt\/congressolmc\/wp-content\/uploads\/2025\/09\/AstoriaLOGOTIPO-300x60.png 300w, https:\/\/gilm.pt\/congressolmc\/wp-content\/uploads\/2025\/09\/AstoriaLOGOTIPO-768x154.png 768w, https:\/\/gilm.pt\/congressolmc\/wp-content\/uploads\/2025\/09\/AstoriaLOGOTIPO.png 800w\" sizes=\"(max-width: 300px) 100vw, 300px\" \/><\/p><p><a href=\"https:\/\/www.almeidahotels.pt\/en\/hotel-astoria-in-coimbra\" target=\"_blank\" rel=\"noopener\">https:\/\/www.almeidahotels.pt\/en\/hotel-astoria-in-coimbra<\/a><br \/>Av. Em\u00eddio Navarro, 21, 3000-150 Coimbra<br \/>239 853 020<br \/>astoria@almeidahotels.pt<br \/><em>Desconto: 10% (usar o c\u00f3digo &#8220;REF: CLMC2025&#8221;)<\/em><span style=\"text-decoration: underline;\"><br \/><\/span><\/p><p>\u00a0<\/p><h6><strong>Zero Box Lodge<\/strong><\/h6><p><img loading=\"lazy\" decoding=\"async\" class=\"alignnone wp-image-7840\" src=\"https:\/\/gilm.pt\/congressolmc\/wp-content\/uploads\/2025\/09\/logo_hotelzero-300x114.jpg\" alt=\"\" width=\"123\" height=\"47\" srcset=\"https:\/\/gilm.pt\/congressolmc\/wp-content\/uploads\/2025\/09\/logo_hotelzero-300x114.jpg 300w, https:\/\/gilm.pt\/congressolmc\/wp-content\/uploads\/2025\/09\/logo_hotelzero-1024x390.jpg 1024w, https:\/\/gilm.pt\/congressolmc\/wp-content\/uploads\/2025\/09\/logo_hotelzero-768x293.jpg 768w, https:\/\/gilm.pt\/congressolmc\/wp-content\/uploads\/2025\/09\/logo_hotelzero-1536x586.jpg 1536w, https:\/\/gilm.pt\/congressolmc\/wp-content\/uploads\/2025\/09\/logo_hotelzero.jpg 1600w\" sizes=\"(max-width: 123px) 100vw, 123px\" \/><br \/><a href=\"https:\/\/coimbra.thezerohotels.com\/\" target=\"_blank\" rel=\"noopener\">https:\/\/coimbra.thezerohotels.com\/<\/a><br \/>Avenida Em\u00eddio Navarro, 45, 3000-150 Coimbra<br \/>966 290 815<br \/>coimbra@thezerohotels.com<br \/><em>Desconto (usar o c\u00f3digo &#8220;CLMC2025&#8221;)<\/em><\/p>\t\t\t\t\t\t\t\t<\/div>\n\t\t\t\t<\/div>\n\t\t\t\t<div class=\"elementor-element elementor-element-113c71f elementor-widget-divider--view-line elementor-widget elementor-widget-divider\" data-id=\"113c71f\" data-element_type=\"widget\" data-e-type=\"widget\" data-widget_type=\"divider.default\">\n\t\t\t\t<div class=\"elementor-widget-container\">\n\t\t\t\t\t\t\t<div class=\"elementor-divider\">\n\t\t\t<span class=\"elementor-divider-separator\">\n\t\t\t\t\t\t<\/span>\n\t\t<\/div>\n\t\t\t\t\t\t<\/div>\n\t\t\t\t<\/div>\n\t\t\t\t<div class=\"elementor-element elementor-element-02b73ac elementor-widget__width-initial elementor-widget elementor-widget-text-editor\" data-id=\"02b73ac\" data-element_type=\"widget\" data-e-type=\"widget\" data-widget_type=\"text-editor.default\">\n\t\t\t\t<div class=\"elementor-widget-container\">\n\t\t\t\t\t\t\t\t\t<h5><strong>Outros hot\u00e9is<\/strong><\/h5>\t\t\t\t\t\t\t\t<\/div>\n\t\t\t\t<\/div>\n\t\t\t\t<div class=\"elementor-element elementor-element-6eec839 elementor-widget__width-initial elementor-widget elementor-widget-text-editor\" data-id=\"6eec839\" data-element_type=\"widget\" data-e-type=\"widget\" data-widget_type=\"text-editor.default\">\n\t\t\t\t<div class=\"elementor-widget-container\">\n\t\t\t\t\t\t\t\t\t<p><em>*dist\u00e2ncias em rela\u00e7\u00e3o \u00e0 Faculdade de Letras<\/em><\/p><p><strong>Guest House Santa Clara<\/strong><br \/>1,2 km (17 min a p\u00e9) (<a href=\"https:\/\/www.google.com\/maps\/dir\/Faculdade+de+Letras+da+Universidade+de+Coimbra,+Instituto+da+Faculdade+de+Letras+da+Universidade+de+Coimbra,+Largo+Porta+F%C3%A9rrea,+Coimbra\/Guest+House+Santa+Clara+-+Coimbra,+Coimbra\/@40.2056825,-8.4346659,1205m\/data=!3m2!1e3!4b1!4m14!4m13!1m5!1m1!1s0xd22f9099891b133:0x1f118b3f8a4ebb8f!2m2!1d-8.4252481!2d40.2080982!1m5!1m1!1s0xd22f9aaaaaaaaab:0xe8c938e3acdeceec!2m2!1d-8.4336797!2d40.2032671!3e2?entry=ttu&amp;g_ep=EgoyMDI1MTExMi4wIKXMDSoASAFQAw%3D%3D\" target=\"_blank\" rel=\"noopener\">mapa<\/a>)<\/p><p><b>Casa do Museu<br \/><\/b>400 m (6 min a p\u00e9) (<a href=\"http:\/\/google.com\/maps?geocode=FeKGZQId4XB__ykzsZGYCfkiDTGPu06KP4sRHw%3D%3D;FR-OZQIdP25__ylF0VY8CfkiDTFKeEzw4qDyqg%3D%3D&amp;daddr=Casa+do+Museu,+Museum+House,+R.+da+Matem\u00e1tica+19,+3000-373+Coimbra&amp;saddr=Faculdade+de+Letras+da+Universidade+de+Coimbra,+Instituto+da+Faculdade+de+Letras+da+Universidade+de+Coimbra,+Largo+Porta+F\u00e9rrea,+Coimbra&amp;dirflg=w&amp;ftid=0xd22f9099891b133:0x1f118b3f8a4ebb8f;0xd22f9093c56d145:0xaaf2a0e2f04c784a&amp;lucs=,94224825,94227247,94227248,47071704,47069508,94218641,94203019,47084304,94208458,94208447&amp;g_ep=CAISDTYuMTIwLjEuNjcyMDAYASC6twsqWiw5NDIyNDgyNSw5NDIyNzI0Nyw5NDIyNzI0OCw0NzA3MTcwNCw0NzA2OTUwOCw5NDIxODY0MSw5NDIwMzAxOSw0NzA4NDMwNCw5NDIwODQ1OCw5NDIwODQ0N0ICUFQ%3D&amp;g_st=ic\" target=\"_blank\" rel=\"noopener\">mapa<\/a>)<b><br \/><\/b><\/p><p><strong>Serenata Hotel e Hostel<br \/><\/strong>450 m (8 min a p\u00e9) (<a href=\"http:\/\/google.com\/maps?geocode=FeKGZQId4nB__ykzsZGYCfkiDTGPu06KP4sRHw%3D%3D;FUqKZQIdhGt__yklIEv9CPkiDTFdlBMOREkH-A%3D%3D&amp;daddr=Serenata+Hostel+%26+Suites,+Largo+da+S\u00e9+Velha,+Coimbra&amp;saddr=Faculdade+de+Letras+da+Universidade+de+Coimbra,+Instituto+da+Faculdade+de+Letras+da+Universidade+de+Coimbra,+Largo+Porta+F\u00e9rrea,+Coimbra&amp;dirflg=w&amp;ftid=0xd22f9099891b133:0x1f118b3f8a4ebb8f;0xd22f908fd4b2025:0xf80749440e13945d&amp;lucs=,94224825,94227247,94227248,47071704,47069508,94218641,94203019,47084304,94208458,94208447&amp;g_ep=CAISDTYuMTIwLjEuNjcyMDAYASC6twsqWiw5NDIyNDgyNSw5NDIyNzI0Nyw5NDIyNzI0OCw0NzA3MTcwNCw0NzA2OTUwOCw5NDIxODY0MSw5NDIwMzAxOSw0NzA4NDMwNCw5NDIwODQ1OCw5NDIwODQ0N0ICUFQ%3D&amp;g_st=ic\" target=\"_blank\" rel=\"noopener\">mapa<\/a>)<\/p><p><strong>Hotel Ibis Coimbra Centro<\/strong><br \/>650 m (9 min a p\u00e9) (<a href=\"https:\/\/www.google.com\/maps?geocode=FeKGZQId4XB__ykzsZGYCfkiDTGPu06KP4sRHw%3D%3D;FSR8ZQIdOmt__ym9rNQRCPkiDTEm6USinOQmjg%3D%3D&amp;daddr=Hotel+ibis+Coimbra+Centro,+Coimbra&amp;saddr=Faculdade+de+Letras+da+Universidade+de+Coimbra,+Instituto+da+Faculdade+de+Letras+da+Universidade+de+Coimbra,+Largo+Porta+F%C3%A9rrea,+Coimbra&amp;dirflg=w&amp;ftid=0xd22f9099891b133:0x1f118b3f8a4ebb8f;0xd22f90811d4acbd:0x8e26e49ca244e926&amp;lucs=,94224825,94227247,94227248,47071704,47069508,94218641,94203019,47084304,94208458,94208447&amp;g_ep=CAISDTYuMTIwLjEuNjcyMDAYASC6twsqWiw5NDIyNDgyNSw5NDIyNzI0Nyw5NDIyNzI0OCw0NzA3MTcwNCw0NzA2OTUwOCw5NDIxODY0MSw5NDIwMzAxOSw0NzA4NDMwNCw5NDIwODQ1OCw5NDIwODQ0N0ICUFQ%3D&amp;g_st=ic\" target=\"_blank\" rel=\"noopener\">mapa<\/a>)<\/p><p><strong>Sophia Studios<\/strong><br \/>1,2 km (18 min a p\u00e9) (<a href=\"https:\/\/www.google.com\/maps?geocode=FeKGZQId4XB__ykzsZGYCfkiDTGPu06KP4sRHw%3D%3D;FT-VZQIdj19__ylDaqQej_kiDTFn2PqTpPeEeA%3D%3D&amp;daddr=Sophia+Studios,+Rua+da+Sofia,+Coimbra&amp;saddr=Faculdade+de+Letras+da+Universidade+de+Coimbra,+Instituto+da+Faculdade+de+Letras+da+Universidade+de+Coimbra,+Largo+Porta+F%C3%A9rrea,+Coimbra&amp;dirflg=w&amp;ftid=0xd22f9099891b133:0x1f118b3f8a4ebb8f;0xd22f98f1ea46a43:0x7884f7a493fad867&amp;lucs=,94224825,94227247,94227248,47071704,47069508,94218641,94203019,47084304,94208458,94208447&amp;g_ep=CAISDTYuMTIwLjEuNjcyMDAYASC6twsqWiw5NDIyNDgyNSw5NDIyNzI0Nyw5NDIyNzI0OCw0NzA3MTcwNCw0NzA2OTUwOCw5NDIxODY0MSw5NDIwMzAxOSw0NzA4NDMwNCw5NDIwODQ1OCw5NDIwODQ0N0ICUFQ%3D&amp;g_st=ic\" target=\"_blank\" rel=\"noopener\">mapa<\/a>)<\/p><p><strong>Casa da Baixa<\/strong><br \/>550 m (9 min a p\u00e9) (<a href=\"https:\/\/www.google.com\/maps?geocode=FeKGZQId4XB__ykzsZGYCfkiDTGPu06KP4sRHw%3D%3D;FRqHZQIdz2F__ynzdOSlH_kiDTHLcUjlg9aHQA%3D%3D&amp;daddr=Casa+da+Baixa+-+Downtown+House,+Rua+Ferreira+Borges,+Coimbra&amp;saddr=Faculdade+de+Letras+da+Universidade+de+Coimbra,+Instituto+da+Faculdade+de+Letras+da+Universidade+de+Coimbra,+Largo+Porta+F%C3%A9rrea,+Coimbra&amp;dirflg=w&amp;ftid=0xd22f9099891b133:0x1f118b3f8a4ebb8f;0xd22f91fa5e474f3:0x4087d683e54871cb&amp;lucs=,94224825,94227247,94227248,47071704,47069508,94218641,94203019,47084304,94208458,94208447&amp;g_ep=CAISDTYuMTIwLjEuNjcyMDAYASC6twsqWiw5NDIyNDgyNSw5NDIyNzI0Nyw5NDIyNzI0OCw0NzA3MTcwNCw0NzA2OTUwOCw5NDIxODY0MSw5NDIwMzAxOSw0NzA4NDMwNCw5NDIwODQ1OCw5NDIwODQ0N0ICUFQ%3D&amp;g_st=ic\" target=\"_blank\" rel=\"noopener\">mapa<\/a>)<\/p>\t\t\t\t\t\t\t\t<\/div>\n\t\t\t\t<\/div>\n\t\t\t\t<div class=\"elementor-element elementor-element-a85a384 elementor-widget-divider--view-line elementor-widget elementor-widget-divider\" data-id=\"a85a384\" data-element_type=\"widget\" data-e-type=\"widget\" data-widget_type=\"divider.default\">\n\t\t\t\t<div class=\"elementor-widget-container\">\n\t\t\t\t\t\t\t<div class=\"elementor-divider\">\n\t\t\t<span class=\"elementor-divider-separator\">\n\t\t\t\t\t\t<\/span>\n\t\t<\/div>\n\t\t\t\t\t\t<\/div>\n\t\t\t\t<\/div>\n\t\t\t\t<div class=\"elementor-element elementor-element-a41ce23 elementor-widget__width-initial elementor-widget elementor-widget-text-editor\" data-id=\"a41ce23\" data-element_type=\"widget\" data-e-type=\"widget\" data-widget_type=\"text-editor.default\">\n\t\t\t\t<div class=\"elementor-widget-container\">\n\t\t\t\t\t\t\t\t\t<h5><strong>Alguns servi\u00e7os de bar e restaura\u00e7\u00e3o<\/strong><\/h5>\t\t\t\t\t\t\t\t<\/div>\n\t\t\t\t<\/div>\n\t\t\t\t<div class=\"elementor-element elementor-element-6a52ac6 elementor-widget__width-initial elementor-widget elementor-widget-text-editor\" data-id=\"6a52ac6\" data-element_type=\"widget\" data-e-type=\"widget\" data-widget_type=\"text-editor.default\">\n\t\t\t\t<div class=\"elementor-widget-container\">\n\t\t\t\t\t\t\t\t\t<p><em>*dist\u00e2ncias em rela\u00e7\u00e3o \u00e0 Faculdade de Letras<\/em><\/p><p><strong>Restaurante Justi\u00e7a e Paz<\/strong><br \/>240 m (4 min a p\u00e9) (<a href=\"https:\/\/www.google.com\/maps\/dir\/Restaurante+Justi%C3%A7a+e+Paz,+Coura%C3%A7a+de+Lisboa,+Coimbra\/Faculdade+de+Letras+da+Universidade+de+Coimbra,+Instituto+da+Faculdade+de+Letras+da+Universidade+de+Coimbra,+Largo+Porta+F%C3%A9rrea,+3000-370+Coimbra,+Portugal\/@40.2073685,-8.4276524,17z\/data=!3m2!4b1!5s0xd22f909a1bf528d:0xac2e038a83c5a2a1!4m14!4m13!1m5!1m1!1s0xd22f909efbbf1f9:0xea945b3543c48aa0!2m2!1d-8.4249503!2d40.2066722!1m5!1m1!1s0xd22f9099891b133:0x1f118b3f8a4ebb8f!2m2!1d-8.4252481!2d40.2080982!3e2?entry=tts&amp;g_ep=EgoyMDI0MDYxOS4xKgBIAVAD\" target=\"_blank\" rel=\"noopener\">mapa<\/a>)<\/p><p><strong>Caf\u00e9 Coura\u00e7a<br \/><\/strong>240 m (4 min a p\u00e9) (<a href=\"https:\/\/www.google.com\/maps\/dir\/Caf%C3%A9+Coura%C3%A7a+-+Prato+do+dia+e+Snack,+Coura%C3%A7a+de+Lisboa,+Coimbra\/Faculdade+de+Letras+da+Universidade+de+Coimbra,+Instituto+da+Faculdade+de+Letras+da+Universidade+de+Coimbra,+Largo+Porta+F%C3%A9rrea,+3000-370+Coimbra,+Portugal\/@40.2073644,-8.4276524,602m\/data=!3m3!1e3!4b1!5s0xd22f909a1bf528d:0xac2e038a83c5a2a1!4m14!4m13!1m5!1m1!1s0xd22f909c2d1115b:0x5f4204e75b8329a2!2m2!1d-8.4249503!2d40.2066722!1m5!1m1!1s0xd22f9099891b133:0x1f118b3f8a4ebb8f!2m2!1d-8.4252481!2d40.2080982!3e2?entry=ttu&amp;g_ep=EgoyMDI1MTExMi4wIKXMDSoASAFQAw%3D%3D\" target=\"_blank\" rel=\"noopener\">mapa<\/a>)<strong><br \/><\/strong><\/p><p><strong>Bar da Faculdade de Direito<\/strong><br \/>95 m (2 min a p\u00e9) (<a href=\"https:\/\/www.google.com\/maps\/dir\/University+of+Coimbra+Faculty+of+Law,+R.+do+Norte+37,+3000-295+Coimbra\/Faculdade+de+Letras+da+Universidade+de+Coimbra,+Instituto+da+Faculdade+de+Letras+da+Universidade+de+Coimbra,+Largo+Porta+F%C3%A9rrea,+3000-370+Coimbra,+Portugal\/@40.2079745,-8.4281934,17z\/data=!3m2!4b1!5s0xd22f909a1bf528d:0xac2e038a83c5a2a1!4m14!4m13!1m5!1m1!1s0xd22f909a5a1a099:0x752364e6caf98ee!2m2!1d-8.4259989!2d40.2079623!1m5!1m1!1s0xd22f9099891b133:0x1f118b3f8a4ebb8f!2m2!1d-8.4252481!2d40.2080982!3e2?entry=tts&amp;g_ep=EgoyMDI0MDYxOS4xKgBIAVAD\" target=\"_blank\" rel=\"noopener\">mapa<\/a>)<\/p><p><strong>Restaurante Loggia \u2013 Museu Nacional Machado de Castro<\/strong><br \/>270 m (5 min a p\u00e9) (<a href=\"https:\/\/www.google.com\/maps\/dir\/Restaurante+Loggia,+Largo+Dr.+Jos%C3%A9+Rodrigues,+3000-236+Coimbra,+Portugal\/Faculdade+de+Letras+da+Universidade+de+Coimbra,+Instituto+da+Faculdade+de+Letras+da+Universidade+de+Coimbra,+Largo+Porta+F%C3%A9rrea,+3000-370+Coimbra,+Portugal\/@40.2084585,-8.4282534,17z\/data=!3m2!4b1!5s0xd22f909a1bf528d:0xac2e038a83c5a2a1!4m14!4m13!1m5!1m1!1s0xd22f9090fdca883:0xe9af28b637929586!2m2!1d-8.4257888!2d40.2090914!1m5!1m1!1s0xd22f9099891b133:0x1f118b3f8a4ebb8f!2m2!1d-8.4252481!2d40.2080982!3e2?entry=tts&amp;g_ep=EgoyMDI0MDYxOS4xKgBIAVAD\" target=\"_blank\" rel=\"noopener\">mapa<\/a>)<\/p><p><strong>Restaurante Terra\u00e7o da Alta<\/strong><br \/>400 m (6 min a p\u00e9) (<a href=\"https:\/\/www.google.com\/maps\/dir\/Terra%C3%A7o+Da+Alta,+R.+da+Coura%C3%A7a+Ap%C3%B3stolos+49,+3000-373+Coimbra,+Portugal\/Faculdade+de+Letras+da+Universidade+de+Coimbra,+Instituto+da+Faculdade+de+Letras+da+Universidade+de+Coimbra,+Largo+Porta+F%C3%A9rrea,+3000-370+Coimbra,+Portugal\/@40.2092229,-8.4276542,17z\/data=!3m2!4b1!5s0xd22f909a1bf528d:0xac2e038a83c5a2a1!4m14!4m13!1m5!1m1!1s0xd22f90949d59cdb:0x6269bb28c9349248!2m2!1d-8.4253478!2d40.2105567!1m5!1m1!1s0xd22f9099891b133:0x1f118b3f8a4ebb8f!2m2!1d-8.4252481!2d40.2080982!3e2?entry=tts&amp;g_ep=EgoyMDI0MDYxOS4xKgBIAVAD\" target=\"_blank\" rel=\"noopener\">mapa<\/a>)<\/p><p><strong>Cafetaria do Museu da Ci\u00eancia<\/strong><br \/>700 m (10 min a p\u00e9) (<a href=\"https:\/\/www.google.com\/maps\/dir\/Cafetaria+do+Museu+da+Ci%C3%AAncia,+Laborat%C3%B3rio+Chimico,+Largo+Marqu%C3%AAs+de+Pombal,+3000-272+Coimbra,+Portugal\/Faculdade+de+Letras+da+Universidade+de+Coimbra,+Instituto+da+Faculdade+de+Letras+da+Universidade+de+Coimbra,+Largo+Porta+F%C3%A9rrea,+3000-370+Coimbra,+Portugal\/@40.2089595,-8.4250614,18z\/data=!3m2!4b1!5s0xd22f909a1bf528d:0xac2e038a83c5a2a1!4m14!4m13!1m5!1m1!1s0xd22f9095f661e93:0x996e6767695aeaff!2m2!1d-8.4230981!2d40.2099713!1m5!1m1!1s0xd22f9099891b133:0x1f118b3f8a4ebb8f!2m2!1d-8.4252481!2d40.2080982!3e2?entry=tts&amp;g_ep=EgoyMDI0MDYxOS4xKgBIAVAD\" target=\"_blank\" rel=\"noopener\">mapa<\/a>)<\/p><p><b>Restaurante O Papa<\/b><br \/>700 m (10 min a p\u00e9) (<a href=\"https:\/\/www.google.com\/maps\/dir\/PAPA+Restaurante,+Rua+Alexandre+Herculano,+Coimbra,+Portugal\/Faculdade+de+Letras+da+Universidade+de+Coimbra,+Instituto+da+Faculdade+de+Letras+da+Universidade+de+Coimbra,+Largo+Porta+F%C3%A9rrea,+3000-370+Coimbra,+Portugal\/@40.2074882,-8.4251357,17z\/data=!3m2!4b1!5s0xd22f909a1bf528d:0xac2e038a83c5a2a1!4m14!4m13!1m5!1m1!1s0xd22f9dd1d2c1d83:0x9e57a6c4044d93d!2m2!1d-8.4200637!2d40.2072063!1m5!1m1!1s0xd22f9099891b133:0x1f118b3f8a4ebb8f!2m2!1d-8.4252481!2d40.2080982!3e2?entry=tts&amp;g_ep=EgoyMDI0MDYxOS4xKgBIAVAD\" target=\"_blank\" rel=\"noopener\">mapa<\/a>)<\/p><p><b>Pastelaria Universidade<br \/><\/b>550 m (9 min a p\u00e9) (<a href=\"http:\/\/google.com\/maps\/dir\/Pastelaria+Universidade,+Rua+Castro+Matoso,+Coimbra,+Portugal\/Faculdade+de+Letras+da+Universidade+de+Coimbra,+Instituto+da+Faculdade+de+Letras+da+Universidade+de+Coimbra,+Largo+Porta+F\u00e9rrea,+3000-370+Coimbra,+Portugal\/@40.2080183,-8.4246489,18z\/data=!3m2!4b1!5s0xd22f909a1bf528d:0xac2e038a83c5a2a1!4m14!4m13!1m5!1m1!1s0xd22f90a59f34633:0x53ebc298c8a50bc0!2m2!1d-8.4215997!2d40.2080091!1m5!1m1!1s0xd22f9099891b133:0x1f118b3f8a4ebb8f!2m2!1d-8.4252481!2d40.2080982!3e2?entry=tts&amp;g_ep=EgoyMDI0MDYxOS4xKgBIAVAD\" target=\"_blank\" rel=\"noopener\">mapa<\/a>)<\/p><p><strong>Restaurante O Burrito <\/strong>(100% vegan)<br \/>350 m (5 min a p\u00e9) (<a href=\"https:\/\/www.google.com\/maps\/dir\/Restaurante+O+Burrito,+Coimbra,+Portugal\/Faculdade+de+Letras+da+Universidade+de+Coimbra,+Instituto+da+Faculdade+de+Letras+da+Universidade+de+Coimbra,+Largo+Porta+F%C3%A9rrea,+3000-370+Coimbra,+Portugal\/@40.2087163,-8.4279868,602m\/data=!3m3!1e3!4b1!5s0xd22f909a1bf528d:0xac2e038a83c5a2a1!4m14!4m13!1m5!1m1!1s0xd22f9c2d6d12151:0xa37c361752525c5f!2m2!1d-8.4255068!2d40.2096153!1m5!1m1!1s0xd22f9099891b133:0x1f118b3f8a4ebb8f!2m2!1d-8.4252481!2d40.2080982!3e2?entry=ttu&amp;g_ep=EgoyMDI1MTExMi4wIKXMDSoASAFQAw%3D%3D\" target=\"_blank\" rel=\"noopener\">mapa<\/a>)<\/p>\t\t\t\t\t\t\t\t<\/div>\n\t\t\t\t<\/div>\n\t\t\t\t\t<\/div>\n\t\t\t\t<\/div>\n\t\t\t\t<\/div>\n\t\t","protected":false},"excerpt":{"rendered":"<p>Recomenda\u00e7\u00f5es para estadia e refei\u00e7\u00f5es na cidade de Coimbra, incluindo indica\u00e7\u00e3o de descontos para participantes no Congresso. Hot\u00e9is com descontos para congressistas Hotel Bot\u00e2nico https:\/\/hotelbotanicocoimbra.ptBairro de S. Jos\u00e9, 15, 3030-207 Coimbra239 714 824geral@hotelbotanicocoimbra.ptDesconto: 10% \u00a0 Riversuites https:\/\/www.riversuites.pt\/Av. Jo\u00e3o das Regras, 82, Coimbra239 440 582geral@riversuites.ptTarifa reduzida (solicitar informa\u00e7\u00e3o no momento da reserva) \u00a0 Coimbra Monumentais B&amp;B [&hellip;]<\/p>\n","protected":false},"author":1,"featured_media":0,"parent":0,"menu_order":0,"comment_status":"closed","ping_status":"closed","template":"","meta":{"footnotes":""},"class_list":["post-863","page","type-page","status-publish","hentry"],"_links":{"self":[{"href":"https:\/\/gilm.pt\/congressolmc\/wp-json\/wp\/v2\/pages\/863","targetHints":{"allow":["GET"]}}],"collection":[{"href":"https:\/\/gilm.pt\/congressolmc\/wp-json\/wp\/v2\/pages"}],"about":[{"href":"https:\/\/gilm.pt\/congressolmc\/wp-json\/wp\/v2\/types\/page"}],"author":[{"embeddable":true,"href":"https:\/\/gilm.pt\/congressolmc\/wp-json\/wp\/v2\/users\/1"}],"replies":[{"embeddable":true,"href":"https:\/\/gilm.pt\/congressolmc\/wp-json\/wp\/v2\/comments?post=863"}],"version-history":[{"count":5,"href":"https:\/\/gilm.pt\/congressolmc\/wp-json\/wp\/v2\/pages\/863\/revisions"}],"predecessor-version":[{"id":8700,"href":"https:\/\/gilm.pt\/congressolmc\/wp-json\/wp\/v2\/pages\/863\/revisions\/8700"}],"wp:attachment":[{"href":"https:\/\/gilm.pt\/congressolmc\/wp-json\/wp\/v2\/media?parent=863"}],"curies":[{"name":"wp","href":"https:\/\/api.w.org\/{rel}","templated":true}]}}